e b(0). Let f be u + 5 + -6 - -4. Calculate the highest common factor of 150 and f.
6
Let t(u) = u**2 + 78*u - 3657. Let q be t(33). Calculate the highest common divisor of q and 519.
3
Let m = 129 + -82. Let z = m - 53. Let i be ((-2)/z - 816/(-36)) + -1. Calculate the greatest common divisor of i and 22.
22
Let s(r) = r**2 + 9*r - 9. Let j be s(-10). Let q be (12/(-9))/(j/(-3)). Calculate the highest common divisor of 28 and q.
4
Suppose 0 = 10*z - 2 - 8. Let m = -147 + 154. What is the greatest common factor of m and z?
1
Let w(p) = 41*p**3 - 4*p**2 - 15. Let o be w(3). Calculate the greatest common divisor of 6600 and o.
264
Suppose 0 = -4*u + 3 + 5, -5*u + 16 = 3*k. Suppose -k*a - 3*a + h + 228 = 0, 0 = -2*a - h + 87. Calculate the greatest common factor of a and 18.
9
Suppose -370*f + 30411 = 330*f - 5289. Suppose -3 + 0 = -m. What is the greatest common factor of f and m?
3
Let c(b) = b**3 + 18*b**2 + 17*b + 6. Let f be c(-17). Let u = 102 - f. Let j = 64 + -40. Calculate the highest common factor of j and u.
24
Suppose 2*j - 33 = 3*n, -11*n - 72 = -4*j - 7*n. Calculate the greatest common divisor of j and 329.
7
Suppose -282*y + 279*y - m + 1475 = 0, 5*y = -2*m + 2460. Let g(n) = -n**3 + 6*n**2 - 2*n - 2. Let k be g(2). What is the highest common divisor of y and k?
10
Let s = 58 + -57. Suppose 3*y + s - 15 = 4*k, y - 2*k = 6. Suppose -4*t + 23 = -g - y*g, 0 = 4*t + 5*g + 17. What is the highest common factor of 14 and t?
2
Suppose 79 + 179 = 48*n + 18. Calculate the highest common factor of 465 and n.
5
Suppose 93*c + 9037 = 86*c. Let m be c/(-6) + (-13)/78. What is the greatest common divisor of 86 and m?
43
Let a be (180/(-35))/((-3)/63*3). Calculate the highest common factor of 2304 and a.
36
Let u be (-8)/8*(-6)/2. Suppose -69 = -8*g - 29. Suppose -3 = n + 3*p, 26*n - 13 = 25*n + g*p. What is the greatest common factor of n and u?
3
Let j(o) = -o**3 + 15*o**2 + 17*o - 14. Let s be j(16). Suppose 2*h - 28 = -s*h. Suppose 6*r - h*r = -7. Calculate the highest common divisor of r and 7.
7
Let m be (2 - 17) + 1 + 6. Let s be 28/(-12) + 5 - m/6. Let c be (0 - -2)/(0 + 1). What is the greatest common divisor of c and s?
2
Let d(o) = 2*o**2 - 2*o - 65. Let v be d(-6). Let h be v + (-56)/8 - -6. What is the greatest common factor of h and 144?
18
Suppose 11934 = 370*x - 217*x. Suppose 5*j + 6 = 2*p, -3*j + 4*p - 12 = -7*j. Let z = 52 - j. Calculate the highest common divisor of x and z.
26
Suppose 11*i - 354 = -2510. Let q = 250 + i. Calculate the greatest common divisor of 108 and q.
54
Suppose 146 = 240*x - 47854. Calculate the greatest common divisor of 3100 and x.
100
Let w(l) = 3*l**2 - l - 4. Suppose -11*k - 116 = -7*k. Let d = 32 + k. Let u be w(d). Calculate the greatest common factor of 220 and u.
20
Let m = 516 - 513. Let i be ((-110)/(-44))/(m/((-882)/(-3))). Calculate the highest common divisor of 49 and i.
49
Let k(o) = 398*o + 3190. Let v be k(-8). What is the highest common factor of v and 5946?
6
Suppose -2*k + 8 = 2*k. Let m be k/(-3 + 1)*-11. Let z = m - 8. Calculate the greatest common divisor of z and 9.
3
Let n be ((-18)/(-27)*1)/(4/3390). Suppose n + 395 = 10*k. Calculate the highest common divisor of k and 416.
32
Suppose 10*i + 139 = -181. Let x be -1*(-13)/((-13)/i). What is the greatest common factor of 48 and x?
16
Suppose -28160 = 43*j - 65*j. What is the highest common divisor of j and 60?
20
Let k(i) be the first derivative of -2*i**4 - i**3 - 5*i**2/2 - 7*i + 112. Let w be k(-2). What is the highest common factor of w and 187?
11
Suppose r + 3*c = 37, -11*r - 3*c - 133 = -15*r. Let h(p) = p**2 - 11*p + 1. Let i be h(-8). Calculate the highest common factor of r and i.
17
Let j(c) = -7*c**2 - 106*c - 6. Let p be j(-15). Suppose 0 = p*b - 860 - 193. Calculate the highest common divisor of 195 and b.
39
Let l be (-5 - 71/2)*-2. Let j = 74 - l. Let r(z) = -z**3 - 5*z**2 - 9*z - 13. Let b be r(j). Calculate the highest common divisor of 37 and b.
37
Let u = 377 + -369. Suppose 0*d = -4*c + 4*d + 40, -u = c + 5*d. What is the greatest common divisor of 28 and c?
7
Let p(d) = -d**3 - d**2 + 7*d + 4. Let o be p(-3). Let y = -21 + 44. Suppose 4*c + y = g, 2 = 2*g + 2*g + 2*c. What is the highest common factor of o and g?
1
Let f(x) = -94 - 98 + 253 + 3*x. Let z be f(-19). Let k be 21/7*(13 - z). What is the highest common divisor of k and 36?
9
Let l(h) = 2*h**3 - 3*h**2 - h - 14. Let f be l(5). Let u = 5 + -6. Let i be u/3 - (-590)/15. Calculate the greatest common factor of i and f.
39
Let y be 0/((-6)/1 + 3). Suppose 2*b = -4*s + 550, -s = b - y*b - 135. Calculate the highest common factor of s and 350.
70
Suppose 66*c + 68672 = 95*c. What is the highest common factor of c and 37?
37
Let v = 2 + 1. Suppose -62*o + 61*o + 5 = 0. Let f(a) = -a**3 + 5*a**2 + 5*a - 23. Let w be f(o). What is the highest common factor of v and w?
1
Suppose 10*y = -3*m + 7*y + 156, -3*m - y + 150 = 0. Suppose 0 = -v - 4*p + 56, 5*v - 4*p - m = 303. What is the greatest common divisor of v and 20?
4
Let f be (-3*2)/(-2) + -30 + 41. Suppose -f*p = -19*p + 25. Suppose -47 = -p*s - 2*d + 14, 2*d = -3*s + 39. Calculate the greatest common divisor of 1 and s.
1
Suppose -2*a - 2*h = -8, -2 = -15*a + 12*a + 2*h. Suppose 4*u + 2 = 22, a*s + 4*u = 60. What is the highest common divisor of s and 24?
4
Suppose -4*q = 5*y - q - 48, 2*y - q - 17 = 0. Let o be 9/(4/((-80)/(-15))). What is the greatest common divisor of y and o?
3
Let y(l) = -2*l**3 - 7*l**2 + 22*l + 148. Let k be y(0). What is the highest common factor of 16 and k?
4
Suppose -24*h + 2129 = -21*h + 4*z, -1422 = -2*h - 2*z. What is the highest common factor of h and 110?
55
Suppose -2773 = -126*p + 4283. What is the greatest common divisor of 2058 and p?
14
Let i = 40490 + -37457. What is the greatest common factor of 1 and i?
1
Let i(o) = 12*o**2 + 3*o + 3. Let y be i(-2). Suppose -3*t + 4*s = -61 - 21, 4*s - 158 = -5*t. Calculate the greatest common factor of t and y.
15
Let c = 2897 - 2817. Calculate the highest common factor of c and 130.
10
Let g be 215/(-15)*(-30)/1. Suppose l - g = -l. Let k be (24/15 + -2)/(4295/1075 + -4). Calculate the greatest common factor of k and l.
43
Suppose 9 = 5*p - 31. Let i be (4/p)/(2/4). Let k be (-42)/(-3) + (-2 - (i - 2)). What is the highest common factor of 65 and k?
13
Let h be ((-34)/(-3))/((-12)/18). Let l = h + 39. Suppose 0 = -4*i - 4*k - l + 114, 2*i - 55 = -5*k. Calculate the highest common factor of 4 and i.
4
Let h(n) = -n**2 + 20*n - 16. Let w be h(18). Suppose 1 = -0*g - g, k = 2*g + w. Suppose 652 + 338 = 5*s. Calculate the greatest common divisor of k and s.
18
Let z be (-17)/((-85)/20) + 14. Let r be 81/(-12)*112/(-6). Calculate the greatest common divisor of r and z.
18
Suppose 6*a = -2*a + 24. Suppose -a*c + 4*h + 1345 = -349, -4*c + 2300 = 5*h. What is the greatest common factor of c and 30?
30
Suppose 0 = 42*t - 534*t + 30012. Calculate the greatest common factor of t and 17.
1
Let a be (440/(-165))/((8/63)/(-4)). What is the greatest common factor of 1092 and a?
84
Let j be (637 - -13) + (-2 - (-32)/4). Let u = -562 + j. Suppose -c - 4*c = -705. Calculate the greatest common factor of c and u.
47
Let n = -8758 - -9262. Calculate the greatest common divisor of 2376 and n.
72
Suppose 108 = g + 2*g. Let h be (0/15)/(-4 - -2). Suppose -4*p - 25 + 61 = h. What is the greatest common divisor of g and p?
9
Let v be 4/(-5) - (-1)/(-25)*5. Let q be 2 - (v - 3/(-3)). Suppose -q*t = -3*t + 12. What is the greatest common factor of 108 and t?
12
Let q = 25 - 27. Let b be (15 - (q - -5)) + 3. Suppose -5*g = -b - 10. Calculate the highest common factor of 15 and g.
5
Let z(w) = w**3 + 5*w**2 - 10*w - 6. Let s be z(-6). Let c(q) = -6*q + 132. Let p be c(s). Calculate the greatest common divisor of p and 96.
24
Let h(b) = -b**2 - 297*b + 4041. Let c be h(13). Calculate the greatest common factor of 24167 and c.
11
Suppose 12300 = -2016*n + 2046*n. Calculate the greatest common factor of 320 and n.
10
Let i(s) = 3*s**3 - 44*s**2 + 22*s - 3. Let m be i(17). What is the highest common divisor of 126 and m?
126
Suppose -22*i - 1063 = -24*i - o, 3*i - 5*o - 1627 = 0. What is the highest common factor of 2047 and i?
89
Let s = 1037 - 442. Cal